{"id":118,"date":"2014-05-07T16:30:56","date_gmt":"2014-05-07T19:30:56","guid":{"rendered":"http:\/\/www.locahost.com.br\/new\/?page_id=118"},"modified":"2014-10-06T14:15:29","modified_gmt":"2014-10-06T17:15:29","slug":"criacao-de-sites","status":"publish","type":"page","link":"http:\/\/www.locahost.com.br\/new\/produtos-e-servicos\/criacao-de-sites\/","title":{"rendered":"Cria\u00e7\u00e3o de Sites"},"content":{"rendered":"<div class='one_half'>\n\t\t\t\t\t<p style=\"text-align: justify;\">A equipe de Designers e Desenvolvedores Web da Locahost est\u00e1 preparada para atender a sua necessidade utilizando sempre a melhor solu\u00e7\u00e3o.<\/p>\n<p style=\"text-align: justify;\">Desenvolvemos sites de conte\u00fado est\u00e1tico ou din\u00e2mico (com gerenciamento de conte\u00fado pelo pr\u00f3prio cliente) utilizando as ferramentas e tecnologias mais recentes do mercado.<\/p>\n\t\t\t\t<\/div>\n<div class='one_half last'>\n\t\t\t\t\t<p><center><img loading=\"lazy\" class=\"aligncenter size-full wp-image-233\" src=\"http:\/\/www.locahost.com.br\/new\/wp-content\/uploads\/2014\/05\/icone_criacao_sites.png\" alt=\"Cria\u00e7\u00e3o de Sites\" width=\"143\" height=\"144\" srcset=\"http:\/\/www.locahost.com.br\/new\/wp-content\/uploads\/2014\/05\/icone_criacao_sites.png 143w, http:\/\/www.locahost.com.br\/new\/wp-content\/uploads\/2014\/05\/icone_criacao_sites-80x80.png 80w\" sizes=\"(max-width: 143px) 100vw, 143px\" \/><\/center>\n\t\t\t\t<\/div><div class='clear'><\/div>\n<p style=\"text-align: justify;\">Envie sua proposta para\u00a0<a href=\"mailto:comercial@locahost.com.br\">comercial@locahost.com.br<\/a>\u00a0que enviaremos um or\u00e7amento sem nenhum compromisso.<\/p>\n<h3><span style=\"color: #ff6600;\">Conhe\u00e7a alguns sites desenvolvidos pela nossa equipe:<\/span><\/h3>\n","protected":false},"excerpt":{"rendered":"<p>Envie sua proposta para\u00a0comercial@locahost.com.br\u00a0que enviaremos um or\u00e7amento sem nenhum compromisso. Conhe\u00e7a alguns sites desenvolvidos pela nossa equipe:<\/p>\n","protected":false},"author":1,"featured_media":0,"parent":106,"menu_order":6,"comment_status":"closed","ping_status":"closed","template":"page-template-portfolio.php","meta":[],"_links":{"self":[{"href":"http:\/\/www.locahost.com.br\/new\/wp-json\/wp\/v2\/pages\/118"}],"collection":[{"href":"http:\/\/www.locahost.com.br\/new\/wp-json\/wp\/v2\/pages"}],"about":[{"href":"http:\/\/www.locahost.com.br\/new\/wp-json\/wp\/v2\/types\/page"}],"author":[{"embeddable":true,"href":"http:\/\/www.locahost.com.br\/new\/wp-json\/wp\/v2\/users\/1"}],"replies":[{"embeddable":true,"href":"http:\/\/www.locahost.com.br\/new\/wp-json\/wp\/v2\/comments?post=118"}],"version-history":[{"count":19,"href":"http:\/\/www.locahost.com.br\/new\/wp-json\/wp\/v2\/pages\/118\/revisions"}],"predecessor-version":[{"id":439,"href":"http:\/\/www.locahost.com.br\/new\/wp-json\/wp\/v2\/pages\/118\/revisions\/439"}],"up":[{"embeddable":true,"href":"http:\/\/www.locahost.com.br\/new\/wp-json\/wp\/v2\/pages\/106"}],"wp:attachment":[{"href":"http:\/\/www.locahost.com.br\/new\/wp-json\/wp\/v2\/media?parent=118"}],"curies":[{"name":"wp","href":"https:\/\/api.w.org\/{rel}","templated":true}]}}