{"id":101,"date":"2014-05-07T16:24:17","date_gmt":"2014-05-07T19:24:17","guid":{"rendered":"http:\/\/www.locahost.com.br\/new\/?page_id=101"},"modified":"2014-09-09T16:44:03","modified_gmt":"2014-09-09T19:44:03","slug":"programa-de-afiliados","status":"publish","type":"page","link":"http:\/\/www.locahost.com.br\/new\/programa-de-afiliados\/","title":{"rendered":"Programa de Afiliados"},"content":{"rendered":"<div class='one_half'>\n\t\t\t\t\t<strong>Como funciona o programa?<\/strong><\/p>\n<p>Tornando-se um afiliado, todo website\u00a0 que voc\u00ea indicar e que abra uma conta de hospedagem com a Locahost, vai gerar comiss\u00f5es para voc\u00ea.<\/p>\n<p>\u00c9 tudo muito simples e f\u00e1cil: basta aderir ao nosso programa de afiliados e indicar os clientes que precisam de hospedagem para seu site, assim toda vez que o cliente que voc\u00ea indicou fizer um pagamento para nossa empresa, voc\u00ea vai ser comissionado.\n\t\t\t\t<\/div>\n<div class='one_half last'>\n\t\t\t\t\t<p><center><img loading=\"lazy\" class=\"alignnone size-full wp-image-229\" src=\"http:\/\/www.locahost.com.br\/new\/wp-content\/uploads\/2014\/05\/icone_programa_afiliados.png\" alt=\"Programa de Afiliados\" width=\"200\" height=\"200\" \/><\/center>\n\t\t\t\t<\/div><div class='clear'><\/div>\n<div class='et-box et-download'>\n\t\t\t\t\t<div class='et-box-content'><table style=\"width: 100%;\">\n<tbody>\n<tr>\n<td colspan=\"5\" align=\"center\"><b>Tabela de Comiss\u00f5es<\/b><\/td>\n<\/tr>\n<tr>\n<td colspan=\"5\" align=\"center\"><\/td>\n<\/tr>\n<tr>\n<td><\/td>\n<td><b>Econ\u00f4mico<\/b><\/td>\n<td><b>WordPress<\/b><\/td>\n<td><b>Profissional<\/b><\/td>\n<td><b>Corporativo<\/b><\/td>\n<\/tr>\n<tr>\n<td>Mensal<\/td>\n<td>R$3,00<\/td>\n<td>R$4,00<\/td>\n<td>R$5,00<\/td>\n<td>R$7,50<\/td>\n<\/tr>\n<tr>\n<td>Trimestral<\/td>\n<td>R$8,50<\/td>\n<td>R$11,00<\/td>\n<td>R$13,00<\/td>\n<td>R$22,00<\/td>\n<\/tr>\n<tr>\n<td>Semestral<\/td>\n<td>R$17,00<\/td>\n<td>R$20,50<\/td>\n<td>R$25,50<\/td>\n<td>R$42,00<\/td>\n<\/tr>\n<tr>\n<td>Anual<\/td>\n<td>R$30,00<\/td>\n<td>R$37,50<\/td>\n<td>R$45,00<\/td>\n<td>R$75,00<\/td>\n<\/tr>\n<\/tbody>\n<\/table>\n<p><!--more--><\/p>\n<p><!--more--><\/p><\/div><\/div>\n<div class='et-learn-more clearfix'>\n\t\t\t\t\t<h3 class='heading-more'>Como consigo clientes para indicar para hospedagem na Locahost?<span class='et_learnmore_arrow'><span><\/span><\/span><\/h3>\n\t\t\t\t\t<div class='learn-more-content'><p style=\"text-align: justify;\">Hoje em dia todos os estabelecimentos comerciais, f\u00e1bricas, ind\u00fastrias, empresas de servi\u00e7os e profissionais liberais precisam de site para seus neg\u00f3cios e a maioria deles j\u00e1 tem hospedagem com outras empresas.<\/p>\n<p style=\"text-align: justify;\">Nosso objetivo \u00e9 que voc\u00ea converse com as pessoas de sua rede de contatos e traga eles para hospedar o site com a Locahost.<\/p>\n<p style=\"text-align: justify;\">No caso de Webdesigners, o programa de afiliados torna-se uma fonte de receitas extra, pois todos os projetos que desenvolvem necessitam de hospedagem de sites.<\/p><\/div>\n\t\t\t\t<\/div>\n<div class='et-learn-more clearfix'>\n\t\t\t\t\t<h3 class='heading-more'>Mas porque hospedar com a Locahost?<span class='et_learnmore_arrow'><span><\/span><\/span><\/h3>\n\t\t\t\t\t<div class='learn-more-content'><p style=\"text-align: justify;\">A Locahost \u00e9 uma das maiores empresas de hospedagem do Brasil e oferece uma estrutura de datacenter no Brasil e Estados Unidos que garantem estabilidade e seguran\u00e7a para nossos servidores e fazem com que os sites hospedados em nossa empresa tenham uma \u00f3tima performance e gerem muita satisfa\u00e7\u00e3o aos nossos clientes.<\/p><\/div>\n\t\t\t\t<\/div>\n<div class='et-learn-more clearfix'>\n\t\t\t\t\t<h3 class='heading-more'>Como me inscrever no programa de afiliados?<span class='et_learnmore_arrow'><span><\/span><\/span><\/h3>\n\t\t\t\t\t<div class='learn-more-content'><p style=\"text-align: justify;\"><strong>1\u00ba passo:<\/strong> Criar uma conta\u00a0gratu\u00edta no site F2B <a href=\"http:\/\/www.f2b.com.br\" target=\"_blank\">www.f2b.com.br<\/a> (esta conta ser\u00e1 utilizada para fazermos as transfer\u00eancias dos valores da sua conta de afiliados para que voc\u00ea possa utilizar o dinheiro que ganhar da maneira que quiser).<\/p>\n<p style=\"text-align: justify;\"><strong>2\u00ba passo:<\/strong> Preencher o formul\u00e1rio do programa de afiliados no site da Locahost <a href=\"http:\/\/www.locahost.com.br\/new\/programa-de-afiliados\/\" target=\"_blank\">www.locahost.com.br\/new\/programa-de-afiliados<\/a> e informar o seu email de cadastro no F2b.<\/p>\n<p style=\"text-align: justify;\"><strong>3\u00ba. passo:<\/strong> Pronto! voc\u00ea j\u00e1 \u00e9 um afiliado e est\u00e1 pronto para come\u00e7ar a ganhar dinheiro com as comiss\u00f5es que acumular no programa.<\/p><\/div>\n\t\t\t\t<\/div>\n<div class='et-learn-more clearfix'>\n\t\t\t\t\t<h3 class='heading-more'>Como eu indico os sites que prospectei para a Locahost ?<span class='et_learnmore_arrow'><span><\/span><\/span><\/h3>\n\t\t\t\t\t<div class='learn-more-content'><p style=\"text-align: justify;\">Se voc\u00ea \u00e9 um Webdesigner, basta preencher o <a href=\"http:\/\/www.locahost.com.br\/new\/inscricao-hospedagem\/\" target=\"_blank\">formul\u00e1rio de hospedagem<\/a> e no campo Programa de Afiliados,\u00a0 informar o seu c\u00f3digo de afiliado.<\/p>\n<p style=\"text-align: justify;\">Voc\u00ea tamb\u00e9m pode se logar no <a href=\"http:\/\/adm.locahost.com.br\" target=\"_blank\">sistema de afiliados<\/a>, e fazer o preenchimento do formul\u00e1rio, diretamente no sistema, assim seu c\u00f3digo de afiliado ser\u00e1 atribu\u00eddo automaticamente.<\/p>\n<p style=\"text-align: justify;\">Se voc\u00ea apenas indicar nossa hospedagem, e o pr\u00f3prio cliente \u00a0preencher o formul\u00e1rio sem seu c\u00f3digo de afiliado, n\u00e3o se preocupe, basta voc\u00ea enviar um email para <a href=\"mailto:suporte@locahost.com.br\" target=\"_blank\">suporte@locahost.com.br<\/a> e informar o nome do site que voc\u00ea indicou que n\u00f3s atribuiremos ele a sua conta.<\/p><\/div>\n\t\t\t\t<\/div>\n<div class='et-learn-more clearfix'>\n\t\t\t\t\t<h3 class='heading-more'>Como eu vejo os pagamentos efetuados dos clientes que indiquei?<span class='et_learnmore_arrow'><span><\/span><\/span><\/h3>\n\t\t\t\t\t<div class='learn-more-content'><p style=\"text-align: justify;\">Basta acessar sua conta no <a href=\"http:\/\/adm.locahost.com.br\" target=\"_blank\">sistema de afiliados<\/a>, que voc\u00ea ver\u00e1 todos os sites que indicou e todos os pagamentos que foram realizados.<\/p><\/div>\n\t\t\t\t<\/div>\n<div class='et-learn-more clearfix'>\n\t\t\t\t\t<h3 class='heading-more'>Regras para Resgate dos valores acumulados na sua conta<span class='et_learnmore_arrow'><span><\/span><\/span><\/h3>\n\t\t\t\t\t<div class='learn-more-content'><ul>\n<li style=\"text-align: justify;\">Os resgates somente poder\u00e3o ser efetuados quando o saldo acumulado for igual ou maior do que R$100,00;<\/li>\n<li style=\"text-align: justify;\">Para solicitar o resgate, basta se logar em sua <a href=\"http:\/\/adm.locahost.com.br\" target=\"_blank\">conta de afiliado<\/a> e clicar no bot\u00e3o resgatar saldo. Todo o saldo de sua conta de afiliado ser\u00e1 transferido para a sua conta F2B no prazo de 01 dia \u00fatil;<\/li>\n<li style=\"text-align: justify;\">Pronto! O seu saldo foi transferido para sua conta F2B, agora voc\u00ea pode se logar no F2B e solicitar o resgate para sua conta corrente ou utiliz\u00e1-lo no pr\u00f3prio F2B para pagar contas e\/ou outros usos permitidos pelo F2B.<\/li>\n<\/ul><\/div>\n\t\t\t\t<\/div>\n<p>&nbsp;<\/p>\n<h2 style=\"text-align: center;\"><strong><span style=\"color: #ff6600;\">Quanto mais indicar, mais voc\u00ea ganha!<\/span><\/strong><\/h2>\n<p>&nbsp;<\/p>\n<p>Veja aqui uma simula\u00e7\u00e3o, bastante simples, apenas para voc\u00ea verificar como suas receitas podem crescer ao longo dos anos e do n\u00famero de clientes que indica:<\/p>\n<p>Vamos supor que durante o primeiro ano e segundo ano, voc\u00ea indique somente 05 clientes por m\u00eas e que fa\u00e7am a assinatura do plano econ\u00f4mico:<\/p>\n<p>Pre\u00e7o de assinatura do plano econ\u00f4mico: R$19,90.<br \/>\nComiss\u00e3o mensal do plano econ\u00f4mico: R$3,00.<\/p>\n<div class='et-box et-shadow'>\n\t\t\t\t\t<div class='et-box-content'><table style=\"width: 100%;\">\n<tbody>\n<tr>\n<td><b>M\u00eas<\/b><\/td>\n<td><b>Clientes Indicados<\/b><\/td>\n<td><b>Total Clientes<\/b><\/td>\n<td><b>Bonifica\u00e7\u00e3o no M\u00eas<\/b><\/td>\n<td><b>Bonifica\u00e7\u00e3o Acumulada<\/b><\/td>\n<\/tr>\n<tr>\n<td>Janeiro<\/td>\n<td>5<\/td>\n<td>5<\/td>\n<td>R$15,00<\/td>\n<td>R$15,00<\/td>\n<\/tr>\n<tr>\n<td>Fevereiro<\/td>\n<td>5<\/td>\n<td>10<\/td>\n<td>R$30,00<\/td>\n<td>R$45,00<\/td>\n<\/tr>\n<tr>\n<td>Mar\u00e7o<\/td>\n<td>5<\/td>\n<td>15<\/td>\n<td>R$45,00<\/td>\n<td>R$90,00<\/td>\n<\/tr>\n<tr>\n<td>Abril<\/td>\n<td>5<\/td>\n<td>20<\/td>\n<td>R$60,00<\/td>\n<td>R$150,00<\/td>\n<\/tr>\n<tr>\n<td>Maio<\/td>\n<td>5<\/td>\n<td>25<\/td>\n<td>R$75,00<\/td>\n<td>R$225,00<\/td>\n<\/tr>\n<tr>\n<td>Junho<\/td>\n<td>5<\/td>\n<td>30<\/td>\n<td>R$90,00<\/td>\n<td>R$315,00<\/td>\n<\/tr>\n<tr>\n<td>Julho<\/td>\n<td>5<\/td>\n<td>35<\/td>\n<td>R$105,00<\/td>\n<td>R$420,00<\/td>\n<\/tr>\n<tr>\n<td>Agosto<\/td>\n<td>5<\/td>\n<td>40<\/td>\n<td>R$120,00<\/td>\n<td>R$540,00<\/td>\n<\/tr>\n<tr>\n<td>Setembro<\/td>\n<td>5<\/td>\n<td>45<\/td>\n<td>R$135,00<\/td>\n<td>R$675,00<\/td>\n<\/tr>\n<tr>\n<td>Outubro<\/td>\n<td>5<\/td>\n<td>50<\/td>\n<td>R$150,00<\/td>\n<td>R$825,00<\/td>\n<\/tr>\n<tr>\n<td>Novembro<\/td>\n<td>5<\/td>\n<td>55<\/td>\n<td>R$165,00<\/td>\n<td>R$990,00<\/td>\n<\/tr>\n<tr>\n<td>Dezembro<\/td>\n<td>5<\/td>\n<td>60<\/td>\n<td>R$180,00<\/td>\n<td>R$1.1170,00<\/td>\n<\/tr>\n<tr>\n<td colspan=\"5\"><\/td>\n<\/tr>\n<tr>\n<td colspan=\"3\"><b>O seu saldo acumulado ao final do 1\u00ba ano ser\u00e1 de<\/b><\/td>\n<td><b>R$1.170,00<\/b><\/td>\n<\/tr>\n<\/tbody>\n<\/table><\/div><\/div>\n<p>E isto n\u00e3o para por a\u00ed, pois se o cliente que voc\u00ea indicou, alterar o seu plano para um dos planos superiores, sua comiss\u00e3o aumenta automaticamente e voc\u00ea n\u00e3o precisa fazer nada.<\/p>\n<p><strong>Que tal aderir agora ao nosso programa de afiliados?<\/strong><\/p>\n<p><center><a href=\"http:\/\/www.f2b.com.br\" class=\"small-button smallsilver\" target=\"_blank\">Abra sua conta no F2b<\/a> <a href='http:\/\/www.locahost.com.br\/new\/inscricao-programa-de-afiliados' class='small-button smallorange'>Abra j\u00e1 sua conta no programa de afiliados<\/a><\/center><\/p>\n<a name='fb_share' type='button_count' href='http:\/\/www.facebook.com\/sharer.php'>Share<\/a><script src='http:\/\/static.ak.fbcdn.net\/connect.php\/js\/FB.Share' type='text\/javascript'><\/script>\n","protected":false},"excerpt":{"rendered":"<p>Tabela de Comiss\u00f5es Econ\u00f4mico WordPress Profissional Corporativo Mensal R$3,00 R$4,00 R$5,00 R$7,50 Trimestral R$8,50 R$11,00 R$13,00 R$22,00 Semestral R$17,00 R$20,50 R$25,50 R$42,00 Anual R$30,00 R$37,50 R$45,00 R$75,00<\/p>\n","protected":false},"author":1,"featured_media":0,"parent":0,"menu_order":3,"comment_status":"closed","ping_status":"closed","template":"page-full.php","meta":[],"_links":{"self":[{"href":"http:\/\/www.locahost.com.br\/new\/wp-json\/wp\/v2\/pages\/101"}],"collection":[{"href":"http:\/\/www.locahost.com.br\/new\/wp-json\/wp\/v2\/pages"}],"about":[{"href":"http:\/\/www.locahost.com.br\/new\/wp-json\/wp\/v2\/types\/page"}],"author":[{"embeddable":true,"href":"http:\/\/www.locahost.com.br\/new\/wp-json\/wp\/v2\/users\/1"}],"replies":[{"embeddable":true,"href":"http:\/\/www.locahost.com.br\/new\/wp-json\/wp\/v2\/comments?post=101"}],"version-history":[{"count":86,"href":"http:\/\/www.locahost.com.br\/new\/wp-json\/wp\/v2\/pages\/101\/revisions"}],"predecessor-version":[{"id":520,"href":"http:\/\/www.locahost.com.br\/new\/wp-json\/wp\/v2\/pages\/101\/revisions\/520"}],"wp:attachment":[{"href":"http:\/\/www.locahost.com.br\/new\/wp-json\/wp\/v2\/media?parent=101"}],"curies":[{"name":"wp","href":"https:\/\/api.w.org\/{rel}","templated":true}]}}